{"id":52,"date":"2020-08-15T22:21:57","date_gmt":"2020-08-15T20:21:57","guid":{"rendered":"http:\/\/www.wallo.green\/blogshop\/?page_id=52"},"modified":"2023-03-08T17:00:16","modified_gmt":"2023-03-08T16:00:16","slug":"amelanchiers","status":"publish","type":"page","link":"https:\/\/www.wallo.green\/blogshop\/boutique\/les-comestibles-ligneuses\/amelanchiers\/","title":{"rendered":"Les amelanchiers"},"content":{"rendered":"\r\n<p><span style=\"color: #808080; font-size: 12pt;\">[<em>Page obsol\u00e8te\/incompl\u00e8te qui doit \u00eatre refaite&#8230; consultez la page d&#8217;accueil du blog et les actualit\u00e9s r\u00e9centes&#8230;<\/em>]<\/span><\/p>\r\n<p>Les Amelanchiers\u00a0 &#8211;\u00a0 <a href=\"https:\/\/www.wallo.green\/shop\/fr\/35-amelanchiers-saskatoons\">Acheter en ligne<\/a><\/p>\r\n<ul>\r\n<li>Honeywood<\/li>\r\n<li>Krasnoyarskaya<\/li>\r\n<li>Mandam<\/li>\r\n<li>Martin<\/li>\r\n<li>Northline<\/li>\r\n<li>Prince William<\/li>\r\n<li>Sleyt<\/li>\r\n<li>Smokey<\/li>\r\n<li>Thiessen<\/li>\r\n<\/ul>\r\n<p style=\"text-align: center;\"><a href=\"https:\/\/www.wallo.green\/blogshop\/boutique\/les-comestibles-ligneuses\/\">Ligneux<\/a>\u00a0 &#8211;\u00a0 <a href=\"https:\/\/www.wallo.green\/blogshop\/boutique\/les-comestibles-herbacees\/\">Herbac\u00e9<\/a>\u00a0 &#8211;\u00a0 <a href=\"https:\/\/www.wallo.green\/blogshop\/boutique\/les-ornementales\/\">Ornemental<\/a>\u00a0 &#8211;\u00a0 <a href=\"https:\/\/www.wallo.green\/blogshop\/boutique\/autre-plantes-graines-greffons-boutures\/\">Sp\u00e9cial<\/a>\u00a0 &#8211;\u00a0 <a href=\"https:\/\/www.wallo.green\/blogshop\/boutique\/le-materiel\/\">Mat\u00e9riel<\/a>\u00a0 &#8211;\u00a0 <a href=\"https:\/\/www.wallo.green\/blogshop\/promos\/\">Promos<\/a><\/p>\r\n<p><a href=\"https:\/\/www.wallo.green\/blogshop\/wp-content\/uploads\/2020\/09\/Amelanchiers-fruitiers.jpg\"><img loading=\"lazy\" decoding=\"async\" class=\"aligncenter size-full wp-image-407\" src=\"https:\/\/www.wallo.green\/blogshop\/wp-content\/uploads\/2020\/09\/Amelanchiers-fruitiers.jpg\" alt=\"\" width=\"982\" height=\"601\" srcset=\"https:\/\/www.wallo.green\/blogshop\/wp-content\/uploads\/2020\/09\/Amelanchiers-fruitiers.jpg 982w, https:\/\/www.wallo.green\/blogshop\/wp-content\/uploads\/2020\/09\/Amelanchiers-fruitiers-300x184.jpg 300w, https:\/\/www.wallo.green\/blogshop\/wp-content\/uploads\/2020\/09\/Amelanchiers-fruitiers-768x470.jpg 768w, https:\/\/www.wallo.green\/blogshop\/wp-content\/uploads\/2020\/09\/Amelanchiers-fruitiers-640x392.jpg 640w\" sizes=\"auto, (max-width: 982px) 100vw, 982px\" \/><\/a><\/p>\r\n","protected":false},"excerpt":{"rendered":"<p>[Page obsol\u00e8te\/incompl\u00e8te qui doit \u00eatre refaite&#8230; consultez la page d&#8217;accueil du blog et les actualit\u00e9s r\u00e9centes&#8230;] Les Amelanchiers\u00a0 &#8211;\u00a0 Acheter en ligne Honeywood Krasnoyarskaya Mandam Martin Northline Prince William Sleyt Smokey Thiessen Ligneux\u00a0 &#8211;\u00a0 Herbac\u00e9\u00a0 &#8211;\u00a0 Ornemental\u00a0 &#8211;\u00a0 Sp\u00e9cial\u00a0 &#8211;\u00a0 Mat\u00e9riel\u00a0 &#8211;\u00a0 Promos<\/p>\n","protected":false},"author":1,"featured_media":0,"parent":179,"menu_order":0,"comment_status":"closed","ping_status":"closed","template":"","meta":{"footnotes":""},"class_list":["post-52","page","type-page","status-publish","hentry"],"_links":{"self":[{"href":"https:\/\/www.wallo.green\/blogshop\/wp-json\/wp\/v2\/pages\/52","targetHints":{"allow":["GET"]}}],"collection":[{"href":"https:\/\/www.wallo.green\/blogshop\/wp-json\/wp\/v2\/pages"}],"about":[{"href":"https:\/\/www.wallo.green\/blogshop\/wp-json\/wp\/v2\/types\/page"}],"author":[{"embeddable":true,"href":"https:\/\/www.wallo.green\/blogshop\/wp-json\/wp\/v2\/users\/1"}],"replies":[{"embeddable":true,"href":"https:\/\/www.wallo.green\/blogshop\/wp-json\/wp\/v2\/comments?post=52"}],"version-history":[{"count":12,"href":"https:\/\/www.wallo.green\/blogshop\/wp-json\/wp\/v2\/pages\/52\/revisions"}],"predecessor-version":[{"id":1270,"href":"https:\/\/www.wallo.green\/blogshop\/wp-json\/wp\/v2\/pages\/52\/revisions\/1270"}],"up":[{"embeddable":true,"href":"https:\/\/www.wallo.green\/blogshop\/wp-json\/wp\/v2\/pages\/179"}],"wp:attachment":[{"href":"https:\/\/www.wallo.green\/blogshop\/wp-json\/wp\/v2\/media?parent=52"}],"curies":[{"name":"wp","href":"https:\/\/api.w.org\/{rel}","templated":true}]}}