{"id":392,"date":"2020-09-09T21:50:46","date_gmt":"2020-09-09T19:50:46","guid":{"rendered":"https:\/\/www.wallo.green\/blogshop\/?page_id=392"},"modified":"2023-03-09T18:26:49","modified_gmt":"2023-03-09T17:26:49","slug":"lilas-des-indes","status":"publish","type":"page","link":"https:\/\/www.wallo.green\/blogshop\/boutique\/les-ornementales\/lilas-des-indes\/","title":{"rendered":"Lilas des Indes"},"content":{"rendered":"<p><span style=\"font-size: 12pt; color: #808080;\">[<em>Page obsol\u00e8te\/incompl\u00e8te qui doit \u00eatre refaite&#8230; consultez la page d&#8217;accueil du blog et les actualit\u00e9s r\u00e9centes&#8230;<\/em>]<\/span><\/p>\n<p>Les Lagerstroemia indica\u00a0 &#8211;\u00a0 <a href=\"https:\/\/www.wallo.green\/shop\/61-lilas-des-indes\">Acheter en ligne<\/a><\/p>\n<ul>\n<li>A<\/li>\n<li>B<\/li>\n<li>C<\/li>\n<\/ul>\n<p><a href=\"https:\/\/www.wallo.green\/blogshop\/boutique\/les-comestibles-ligneuses\/\">Ligneux<\/a>\u00a0 &#8211;\u00a0 <a href=\"https:\/\/www.wallo.green\/blogshop\/boutique\/les-comestibles-herbacees\/\">Herbac\u00e9<\/a>\u00a0 &#8211;\u00a0 <a href=\"https:\/\/www.wallo.green\/blogshop\/boutique\/les-ornementales\/\">Ornemental<\/a>\u00a0 &#8211;\u00a0 <a href=\"https:\/\/www.wallo.green\/blogshop\/boutique\/autre-plantes-graines-greffons-boutures\/\">Sp\u00e9cial<\/a>\u00a0 &#8211;\u00a0 <a href=\"https:\/\/www.wallo.green\/blogshop\/boutique\/le-materiel\/\">Mat\u00e9riel<\/a>\u00a0 &#8211;\u00a0 <a href=\"https:\/\/www.wallo.green\/blogshop\/promos\/\">Promos<\/a><\/p>\n<p><a href=\"https:\/\/www.wallo.green\/blogshop\/wp-content\/uploads\/2020\/09\/WhatsApp-Image-2020-06-30-at-19.45.46.jpeg\"><img loading=\"lazy\" decoding=\"async\" class=\"aligncenter size-large wp-image-387\" src=\"https:\/\/www.wallo.green\/blogshop\/wp-content\/uploads\/2020\/09\/WhatsApp-Image-2020-06-30-at-19.45.46-1024x1218.jpeg\" alt=\"\" width=\"580\" height=\"690\" srcset=\"https:\/\/www.wallo.green\/blogshop\/wp-content\/uploads\/2020\/09\/WhatsApp-Image-2020-06-30-at-19.45.46-1024x1218.jpeg 1024w, https:\/\/www.wallo.green\/blogshop\/wp-content\/uploads\/2020\/09\/WhatsApp-Image-2020-06-30-at-19.45.46-300x357.jpeg 300w, https:\/\/www.wallo.green\/blogshop\/wp-content\/uploads\/2020\/09\/WhatsApp-Image-2020-06-30-at-19.45.46-768x914.jpeg 768w, https:\/\/www.wallo.green\/blogshop\/wp-content\/uploads\/2020\/09\/WhatsApp-Image-2020-06-30-at-19.45.46-1291x1536.jpeg 1291w, https:\/\/www.wallo.green\/blogshop\/wp-content\/uploads\/2020\/09\/WhatsApp-Image-2020-06-30-at-19.45.46-640x761.jpeg 640w, https:\/\/www.wallo.green\/blogshop\/wp-content\/uploads\/2020\/09\/WhatsApp-Image-2020-06-30-at-19.45.46-1200x1428.jpeg 1200w, https:\/\/www.wallo.green\/blogshop\/wp-content\/uploads\/2020\/09\/WhatsApp-Image-2020-06-30-at-19.45.46.jpeg 1614w\" sizes=\"auto, (max-width: 580px) 100vw, 580px\" \/><\/a><\/p>\n","protected":false},"excerpt":{"rendered":"<p>[Page obsol\u00e8te\/incompl\u00e8te qui doit \u00eatre refaite&#8230; consultez la page d&#8217;accueil du blog et les actualit\u00e9s r\u00e9centes&#8230;] Les Lagerstroemia indica\u00a0 &#8211;\u00a0 Acheter en ligne A B C Ligneux\u00a0 &#8211;\u00a0 Herbac\u00e9\u00a0 &#8211;\u00a0 Ornemental\u00a0 &#8211;\u00a0 Sp\u00e9cial\u00a0 &#8211;\u00a0 Mat\u00e9riel\u00a0 &#8211;\u00a0 Promos<\/p>\n","protected":false},"author":1,"featured_media":0,"parent":171,"menu_order":0,"comment_status":"closed","ping_status":"closed","template":"","meta":{"footnotes":""},"class_list":["post-392","page","type-page","status-publish","hentry"],"_links":{"self":[{"href":"https:\/\/www.wallo.green\/blogshop\/wp-json\/wp\/v2\/pages\/392","targetHints":{"allow":["GET"]}}],"collection":[{"href":"https:\/\/www.wallo.green\/blogshop\/wp-json\/wp\/v2\/pages"}],"about":[{"href":"https:\/\/www.wallo.green\/blogshop\/wp-json\/wp\/v2\/types\/page"}],"author":[{"embeddable":true,"href":"https:\/\/www.wallo.green\/blogshop\/wp-json\/wp\/v2\/users\/1"}],"replies":[{"embeddable":true,"href":"https:\/\/www.wallo.green\/blogshop\/wp-json\/wp\/v2\/comments?post=392"}],"version-history":[{"count":6,"href":"https:\/\/www.wallo.green\/blogshop\/wp-json\/wp\/v2\/pages\/392\/revisions"}],"predecessor-version":[{"id":1366,"href":"https:\/\/www.wallo.green\/blogshop\/wp-json\/wp\/v2\/pages\/392\/revisions\/1366"}],"up":[{"embeddable":true,"href":"https:\/\/www.wallo.green\/blogshop\/wp-json\/wp\/v2\/pages\/171"}],"wp:attachment":[{"href":"https:\/\/www.wallo.green\/blogshop\/wp-json\/wp\/v2\/media?parent=392"}],"curies":[{"name":"wp","href":"https:\/\/api.w.org\/{rel}","templated":true}]}}