{"id":2150,"date":"2025-02-06T19:30:12","date_gmt":"2025-02-06T18:30:12","guid":{"rendered":"https:\/\/www.wallo.green\/blogshop\/?page_id=2150"},"modified":"2025-02-06T20:42:41","modified_gmt":"2025-02-06T19:42:41","slug":"calendrier","status":"publish","type":"page","link":"https:\/\/www.wallo.green\/blogshop\/calendrier\/","title":{"rendered":"Calendrier"},"content":{"rendered":"<p>Dates clefs, activit\u00e9s &amp; \u00e9v\u00e8nements&#8230;<\/p>\n<p><iframe loading=\"lazy\" src=\"https:\/\/calendar.google.com\/calendar\/embed?height=600&#038;wkst=2&#038;ctz=Europe%2FBrussels&#038;showPrint=0&#038;showCalendars=0&#038;showTz=0&#038;src=d2FsbG9ncmVlbi5jb21tdW5AZ21haWwuY29t&#038;color=%230B8043\" style=\"border-width:0\" width=\"800\" height=\"600\" frameborder=\"0\" scrolling=\"no\"><\/iframe><\/p>\n<p><a href=\"https:\/\/calendar.google.com\/calendar\/embed?src=wallogreen.commun%40gmail.com&amp;ctz=Europe%2FBrussels\">Calendrier plein \u00e9cran<\/a><\/p>\n<p>Adresse ICS de notre calendrier, si vous voulez afficher nos dates automatiquement dans votre agenda : copiez ce <a href=\"https:\/\/calendar.google.com\/calendar\/ical\/wallogreen.commun%40gmail.com\/public\/basic.ics\">lien<\/a>.<\/p>\n<p><a id=\"liste\"><\/a>Ci-dessous, la liste de toutes les prochaines dates.<\/p>\n<div class=\"r34ics-ajax-container loading\" id=\"r6a06faea260b253\" data-view=\"list\" data-view-is-list-style=\"1\" data-view-is-list-long=\"1\" data-args=\"f634037175f0d837c5c22cd9b2625b8459ebe754\" data-js-args=\"{&quot;debug&quot;:null}\">&nbsp;<\/div>\n<div class=\"r34ics-ajax-container loading\" id=\"r6a06faea27200a6\" data-view=\"month\" data-view-is-list-style=\"0\" data-view-is-list-long=\"0\" data-args=\"99660a55858f5d348f75bd113cb5142f41699c4c\" data-js-args=\"{&quot;debug&quot;:null}\">&nbsp;<\/div>\n<p>Attention, sur GSM, le tableau ci-dessus n&#8217;affiche que les futurs \u00e9v\u00e8nements du mois en cours, il faut faire d\u00e9filer les mois pour voir les \u00e9ventuelles entr\u00e9es ult\u00e9rieures.<\/p>\n","protected":false},"excerpt":{"rendered":"<p>Dates clefs, activit\u00e9s &amp; \u00e9v\u00e8nements&#8230; Calendrier plein \u00e9cran Adresse ICS de notre calendrier, si vous voulez afficher nos dates automatiquement dans votre agenda : copiez ce lien. Ci-dessous, la liste de toutes les prochaines dates. Attention, sur GSM, le tableau ci-dessus n&#8217;affiche que les futurs \u00e9v\u00e8nements du mois en cours, il faut faire d\u00e9filer les [&hellip;]<\/p>\n","protected":false},"author":1,"featured_media":0,"parent":0,"menu_order":0,"comment_status":"closed","ping_status":"closed","template":"","meta":{"footnotes":""},"class_list":["post-2150","page","type-page","status-publish","hentry"],"_links":{"self":[{"href":"https:\/\/www.wallo.green\/blogshop\/wp-json\/wp\/v2\/pages\/2150","targetHints":{"allow":["GET"]}}],"collection":[{"href":"https:\/\/www.wallo.green\/blogshop\/wp-json\/wp\/v2\/pages"}],"about":[{"href":"https:\/\/www.wallo.green\/blogshop\/wp-json\/wp\/v2\/types\/page"}],"author":[{"embeddable":true,"href":"https:\/\/www.wallo.green\/blogshop\/wp-json\/wp\/v2\/users\/1"}],"replies":[{"embeddable":true,"href":"https:\/\/www.wallo.green\/blogshop\/wp-json\/wp\/v2\/comments?post=2150"}],"version-history":[{"count":10,"href":"https:\/\/www.wallo.green\/blogshop\/wp-json\/wp\/v2\/pages\/2150\/revisions"}],"predecessor-version":[{"id":2171,"href":"https:\/\/www.wallo.green\/blogshop\/wp-json\/wp\/v2\/pages\/2150\/revisions\/2171"}],"wp:attachment":[{"href":"https:\/\/www.wallo.green\/blogshop\/wp-json\/wp\/v2\/media?parent=2150"}],"curies":[{"name":"wp","href":"https:\/\/api.w.org\/{rel}","templated":true}]}}